 base 4.
11
What is -3 (base 14) in base 9?
-3
82 (base 10) to base 12
6a
Convert -c5 (base 15) to base 3.
-20212
What is -16 (base 7) in base 10?
-13
What is 3 (base 15) in base 12?
3
Convert -1202 (base 5) to base 10.
-177
Convert -3 (base 8) to base 14.
-3
Convert -4 (base 16) to base 13.
-4
2 (base 12) to base 11
2
-72 (base 8) to base 12
-4a
What is 231 (base 10) in base 7?
450
-3 (base 8) to base 4
-3
What is -6 (base 15) in base 9?
-6
Convert -ec (base 15) to base 3.
-22020
Convert -6 (base 16) to base 5.
-11
What is -111 (base 2) in base 7?
-10
What is -10010 (base 4) in base 2?
-100000100
What is -13 (base 16) in base 3?
-201
What is -7 (base 14) in base 16?
-7
Convert -1 (base 16) to base 6.
-1
-242 (base 7) to base 6
-332
-1001110 (base 2) to base 11
-71
Convert 9c (base 13) to base 3.
11210
What is -5 (base 7) in base 9?
-5
1 (base 13) to base 7
1
7 (base 16) to base 2
111
10 (base 3) to base 14
3
Convert -16 (base 11) to base 8.
-21
What is 1203 (base 4) in base 3?
10200
What is -7 (base 11) in base 5?
-12
Convert -4 (base 9) to base 10.
-4
311 (base 6) to base 2
1110011
What is -1 (base 5) in base 13?
-1
Convert 10 (base 3) to base 14.
3
What is 3 (base 4) in base 15?
3
What is -14 (base 14) in base 5?
-33
What is -215 (base 6) in base 15?
-58
What is -526 (base 8) in base 7?
-666
Convert -2 (base 3) to base 6.
-2
What is -20 (base 16) in base 5?
-112
What is -5a (base 12) in base 11?
-64
Convert 126 (base 7) to base 14.
4d
What is 16 (base 12) in base 14?
14
Convert -16 (base 14) to base 3.
-202
10 (base 13) to base 9
14
-12122 (base 3) to base 14
-ac
What is -1122 (base 3) in base 8?
-54
Convert 63 (base 8) to base 15.
36
Convert 4 (base 6) to base 15.
4
Convert -82 (base 11) to base 12.
-76
-4 (base 10) to base 8
-4
Convert -143 (base 5) to base 16.
-30
Convert -2 (base 3) to base 10.
-2
197 (base 11) to base 14
123
4 (base 15) to base 10
4
26 (base 12) to base 8
36
Convert 6 (base 16) to base 9.
6
Convert 1 (base 2) to base 4.
1
Convert 40 (base 10) to base 13.
31
What is -100 (base 2) in base 11?
-4
Convert -2 (base 14) to base 2.
-10
101000001 (base 2) to base 6
1253
What is -105 (base 7) in base 6?
-130
What is -19 (base 14) in base 15?
-18
What is 1 (base 4) in base 3?
1
Convert 1200 (base 5) to base 6.
451
15 (base 6) to base 13
b
Convert -120 (base 6) to base 10.
-48
What is -215 (base 7) in base 5?
-420
What is -11 (base 4) in base 7?
-5
-10 (base 14) to base 8
-16
What is -9 (base 16) in base 9?
-10
Convert 66 (base 9) to base 10.
60
What is -224 (base 9) in base 15?
-c4
What is -46 (base 7) in base 16?
-22
Convert 40 (base 8) to base 4.
200
202 (base 5) to base 9
57
32 (base 14) to base 10
44
What is -42 (base 12) in base 13?
-3b
Convert -55 (base 11) to base 2.
-111100
1001 (base 3) to base 10
28
What is 0 (base 12) in base 2?
0
-2 (base 4) to base 10
-2
Convert 2 (base 11) to base 2.
10
1 (base 9) to base 13
1
Convert 36 (base 7) to base 2.
11011
Convert -171 (base 8) to base 2.
-1111001
59 (base 16) to base 11
81
What is -6 (base 16) in base 15?
-6
Convert -100 (base 8) to base 15.
-44
What is 9 (base 15) in base 10?
9
What is 117 (base 10) in base 5?
432
Convert 31 (base 12) to base 9.
41
-10 (base 13) to base 6
-21
Convert -5 (base 14) to base 16.
-5
What is -e (base 16) in base 13?
-11
-3 (base 6) to base 12
-3
-22 (base 4) to base 6
-14
110 (base 3) to base 6
20
Convert 40 (base 10) to base 7.
55
13 (base 4) to base 6
11
-24 (base 13) to base 2
-11110
Convert -16 (base 13) to base 11.
-18
3 (base 7) to base 10
3
What is 4 (base 8) in base 15?
4
Convert 42 (base 6) to base 3.
222
-10 (base 13) to base 5
-23
-1 (base 14) to base 10
-1
What is -85 (base 12) in base 11?
-92
What is 0 (base 7) in base 2?
0
Convert 69 (base 13) to base 5.
322
-d1 (base 16) to base 15
-de
What is 7 (base 11) in base 2?
111
Convert 23 (base 4) to base 10.
11
18 (base 12) to base 11
19
What is -1003 (base 7) in base 4?
-11122
-2202 (base 3) to base 9
-82
Convert -1 (base 8) to base 13.
-1
What is 1b (base 13) in base 5?
44
What is -1 (base 16) in base 8?
-1
What is -20 (base 5) in base 11?
-a
Convert 1 (base 8) to base 14.
1
11 (base 2) to base 13
3
What is -11 (base 4) in base 8?
-5
What is 111100 (base 2) in base 8?
74
Convert -2 (base 11) to base 14.
-2
What is 313 (base 5) in base 6?
215
Convert 4 (base 16) to base 15.
4
Convert 4 (base 16) to base 3.
11
What is -8 (base 14) in base 16?
-8
Convert -100 (base 3) to base 7.
-12
Convert 21 (base 4) to base 6.
13
What is 2 (base 14) in base 5?
2
-11 (base 2) to base 9
-3
23 (base 6) to base 13
12
What is -133 (base 4) in base 16?
-1f
What is -11 (base 10) in base 12?
-b
What is -2 (base 7) in base 11?
-2
What is -6 (base 13) in base 8?
-6
What is -55 (base 7) in base 9?
-44
What is -5 (base 8) in base 9?
-5
What is -27 (base 13) in base 3?
-1020
What is 2 (base 11) in base 3?
2
11 (base 12) to base 6
21
-a5 (base 13) to base 15
-90
-66 (base 9) to base 6
-140
What is -112 (base 7) in base 16?
-3a
102 (base 6) to base 15
28
Convert 26 (base 9) to base 4.
120
What is -42 (base 7) in base 4?
-132
2 (base 12) to base 7
2
Convert 21 (base 12) to base 16.
19
-65 (base 9) to base 13
-47
Convert 31 (base 15) to base 2.
101110
Convert 5 (base 13) to base 2.
101
Convert -1 (base 10) to base 13.
-1
1 (base 9) to base 13
1
What is -12 (base 4) in base 5?
-11
Convert -5c (base 14) to base 4.
-1102
Convert 1101 (base 2) to base 5.
23
135 (base 8) to base 4
1131
Convert 1000 (base 3) to base 13.
21
-3 (base 14) to base 2
-11
What is -5 (base 9) in base 5?
-10
Convert -5 (base 15) to base 13.
-5
What is 10020 (base 3) in base 16?
57
Convert 4 (base 11) to base 10.
4
-5 (base 16) to base 14
-5
Convert 11 (base 6) to base 4.
13
What is 11 (base 12) in base 8?
15
What is -11112 (base 3) in base 13?
-95
Convert -1 (base 12) to base 15.
-1
Convert 40 (base 11) to base 13.
35
-51 (base 6) to base 11
-29
Convert -3 (base 7) to base 5.
-3
Convert 1 (base 10) to base 14.
1
What is -67 (base 13) in base 9?
-104
What is 0 (base 12) in base 7?
0
1 (base 6) to base 16
1
Convert 13 (base 4) to base 6.
11
-3 (base 5) to base 4
-3
-42 (base 16) to base 13
-51
a (base 14) to base 4
22
-3 (base 12) to base 7
-3
100 (base 2) to base 3
11
What is -17 (base 11) in base 9?
-20
What is -6 (base 14) in base 10?
-6
What is -110101 (base 2) in base 5?
-203
What is -3 (base 5) in base 8?
-3
Convert 115 (base 7) to base 12.
51
What is 28 (base 12) in base 8?
40
-38 (base 10) to base 7
-53
b (base 12) to base 11
10
-1022 (base 5) to base 6
-345
Convert 71 (base 15) to base 13.
82
Convert 0 (base 13) to base 11.
0
What is -1011101 (base 2) in base 15?
-63
Convert -1130 (base 5) to base 8.
-245
-1 (base 6) to base 12
-1
Convert 3a (base 14) to base 15.
37
What is 20 (base 7) in base 11?
13
What is 1213 (base 4) in base 14?
75
Convert -1212 (base 4) to base 11.
-93
-37 (base 11) to base 12
-34
1 (base 7) to base 11
1
2301 (base 4) to base 2
10110001
Convert -4a (base 13) to base 2.
-111110
121 (base 5) to base 7
51
What is -9 (base 13) in base 7?
-12
Convert -5 (base 12) to base 2.
-101
20 (base 6) to base 2
1100
What is 7 (base 16) in base 7?
10
2011 (base 3) to base 10
58
What is -3 (base 6) in base 5?
-3
Convert 11 (base 2) to base 4.
3
5 (base 6) to base 14
5
-14 (base 15) to base 14
-15
What is -4 (base 9) in base 8?
-4
What is 1002 (base 3) in base 7?
41
What is -2 (base 6) in base 11?
-2
Convert -1100110 (base 2) to base 13.
-7b
What is 0 (base 10) in base 3?
0
Convert -12 (base 6) to base 10.
-8
2 (base 13) to base 6
2
-2 (base 11) to base 15
-2
Convert 10 (base 10) to base 6.
14
What is -11 (base 6) in base 13?
-7
What is 30 (base 10) in base 5?
110
What is 220 (base 3) in base 7?
33
-b (base 16) to base 13
-b
12 (base 14) to base 10
16
Convert -2 (base 14) to base 12.
-2
What is -154 (base 11) in base 2?
-10110100
38 (base 10) to base 5
123
What is -46 (base 9) in base 8?
-52
5 (base 15) to base 16
5
a8 (base 11) to base 16
76
4 (base 6) to base 4
10
-21 (base 16) to base 15
-23
-42 (base 8) to base 2
-100010
4 (base 15) to base 12
4
Convert 221 (base 5) to base 14.
45
What is 155 (base 8) in base 2?
1101101
Convert -19 (base 11) to base 16.
-14
Convert 303 (base 5) to base 7.
141
-45 (base 14) to base 6
-141
What is 